 4828*c - 102. Determine b(-38).
-26
Let a(i) = i**3 - 10*i**2 - 253*i - 77. Give a(-13).
-675
Let q(w) = -5*w**3 - 15*w**2 - 57*w - 43. Give q(-1).
4
Let u(d) = -19160*d + 670588. Calculate u(35).
-12
Let r(h) = h**2 - 480*h + 45507. Calculate r(130).
7
Let h(x) = -3*x**3 - 44*x**2 - 198*x - 32. Give h(-11).
815
Let n(g) = 6*g**3 - 679*g**2 + 116*g - 344. Calculate n(113).
-5
Let q(x) = -11*x**2 - 49*x + 2167. Give q(12).
-5
Let d(m) = 8785*m + 2609149. Give d(-297).
4
Let h(r) = 4716*r + 118633. What is h(-25)?
733
Let c(h) = -46*h**2 + 358*h - 22. Give c(8).
-102
Let r(g) = 92*g + 14819. Calculate r(-163).
-177
Let u(g) = -g**2 - 1404*g - 421528. Determine u(-435).
-13
Let w(g) = -37*g**2 + 170*g + 53. Determine w(6).
-259
Let n(w) = w**3 - 355*w**2 + 3063*w + 464. Give n(9).
5
Let f(z) = z**3 + 28*z**2 - 344*z - 206. What is f(-37)?
201
Let i(f) = f**2 - 125*f - 379. What is i(130)?
271
Let q(k) = 3*k**2 + 147161*k - 441503. Determine q(3).
7
Let d(g) = -2*g**3 - 1417*g**2 - 12592*g - 2. Calculate d(-9).
7
Let b(l) = 26455*l - 132397. Calculate b(5).
-122
Let c(g) = 8*g**2 + 324383*g + 3891446. What is c(-12)?
2
Let m(v) = 9368*v - 7259. Give m(1).
2109
Let x(f) = -155356*f + 2641054. Give x(17).
2
Let h(y) = -y**3 - 10*y**2 - 54*y - 194. Calculate h(-6).
-14
Let y(r) = -2860*r**2 - 8577*r + 13. What is y(-3)?
4
Let f(j) = -j**3 - 50*j**2 - 89*j - 3494. Give f(-50).
956
Let o(h) = h**3 + 38*h**2 - 39*h - 1337. Give o(-38).
145
Let q(b) = 2*b**2 - 3045*b + 870579. Determine q(1141).
-4
Let q(h) = 8*h**2 - 789*h - 3617. Calculate q(103).
-12
Let d(w) = -27447*w - 4391528. Calculate d(-160).
-8
Let v(n) = n**2 + 161*n - 14534. Determine v(63).
-422
Let k(a) = 73*a - 12494. Determine k(171).
-11
Let c(s) = -5545*s + 93974. Give c(17).
-291
Let y(z) = 58799*z + 294006. What is y(-5)?
11
Let b(h) = 39*h**2 + 7692*h + 30758. Determine b(-4).
614
Let y(k) = -8012*k - 192344. Calculate y(-24).
-56
Let z(y) = 2*y**3 - 23*y**2 + 82*y - 112. What is z(8)?
96
Let t(y) = -3*y**2 + 34972*y + 209843. Calculate t(-6).
-97
Let j(b) = -2*b**3 - 45*b**2 - 161*b - 501. Calculate j(-18).
-519
Let d(c) = -1187*c - 3689. What is d(-2)?
-1315
Let s(r) = -r**2 + 650*r + 6048. Give s(-9).
117
Let j(m) = 394*m - 196. Calculate j(1).
198
Let m(c) = -2*c**3 - 330*c**2 - 2533*c - 10. Determine m(-8).
158
Let t(g) = 2*g**3 - 308*g**2 + 9811*g + 649. Determine t(109).
758
Let v(u) = -23*u**3 + 1335*u**2 - 47*u + 306. Give v(58).
944
Let k(r) = -2740267*r - 5480534. Calculate k(-2).
0
Let r(m) = -21*m**2 + 375*m + 1834. Give r(-4).
-2
Let c(x) = 173*x**3 - 21*x**2 + 70*x - 130. Calculate c(2).
1310
Let w(l) = -3*l**2 - 7747*l + 235104. What is w(30)?
-6
Let q(v) = -2*v**3 + 87*v**2 + 3201*v - 935. What is q(-24)?
1
Let l(d) = -43239*d - 14268864. Give l(-330).
6
Let a(b) = -15554*b**2 - 373312*b - 386. Give a(-24).
-2
Let q(x) = -46877*x - 2015701. Determine q(-43).
10
Let i(m) = -m**3 - 57*m**2 - 489*m - 394. Give i(-45).
-2689
Let h(w) = 3*w**3 - 141*w**2 - 6301*w + 32. Give h(75).
-43
Let f(x) = 46479*x - 139425. What is f(3)?
12
Let c(t) = 2*t**2 + 4459*t + 31164. Give c(-7).
49
Let t(m) = -1135*m + 27858. What is t(25)?
-517
Let l(j) = -j**2 - 140*j - 2410. What is l(-118)?
186
Let m(w) = -795*w - 28132. What is m(-35)?
-307
Let j(w) = -6*w**2 + 42084*w - 10. Give j(0).
-10
Let x(l) = -2*l**2 - 720*l + 43771. Give x(-413).
-7
Let i(a) = 169*a**2 - 74179*a - 5264. Determine i(439).
4
Let r(j) = 7834*j - 172341. What is r(22)?
7
Let i(v) = 3*v**3 - 251*v**2 - 125*v + 3406. Give i(84).
-38
Let y(f) = -6*f**2 - 6572*f + 293666. What is y(43)?
-24
Let f(o) = o**3 + 10*o**2 - 745*o + 187. Give f(-33).
-275
Let w(z) = z**3 + 53*z**2 + 314*z - 142. Determine w(-46).
226
Let a(n) = -68*n - 10927. Calculate a(-160).
-47
Let u(p) = -3*p**2 - 817*p - 53499. Calculate u(-110).
71
Let f(p) = -20232*p + 9852986. Determine f(487).
2
Let w(i) = -1314988*i + 35504681. Calculate w(27).
5
Let j(k) = 1270*k - 43. Give j(-1).
-1313
Let s(h) = 3*h**2 + 1218*h - 15925. Give s(13).
416
Let m(s) = -5793*s + 36890. Calculate m(6).
2132
Let g(u) = 225*u**3 + 14*u**2 - u - 18. What is g(-1)?
-228
Let v(d) = -2*d**2 - 2*d + 2026. Calculate v(-33).
-86
Let g(k) = -2*k**3 - k**2 - 34*k + 606. Determine g(10).
-1834
Let q(r) = r**3 + 45*r**2 + 377*r - 115. Give q(-33).
512
Let v(k) = 254*k**2 - 179*k - 180. Give v(-1).
253
Let x(f) = -f**3 + 20*f**2 + 132*f + 481. Calculate x(-7).
880
Let d(g) = 8*g**3 - g**2 + 430*g - 434. What is d(1)?
3
Let s(c) = -3*c**3 + 65*c**2 + 1965*c - 8. Calculate s(-17).
111
Let t(l) = -l**3 + 62*l**2 - 10*l + 723. Determine t(62).
103
Let u(n) = -n**2 - 942*n + 25149. Determine u(26).
-19
Let a(g) = 197*g - 2585. Calculate a(13).
-24
Let m(a) = 124*a**2 + 3709*a - 17230. Determine m(-34).
8
Let r(u) = 4*u**2 + 326*u + 226. Determine r(-78).
-866
Let j(u) = 6*u**3 - 1328*u**2 + 469*u - 5973. Give j(221).
-6
Let f(w) = 481*w - 9461. Determine f(20).
159
Let u(h) = -2*h**2 + 683*h - 40730. Calculate u(77).
3
Let v(j) = 396*j - 12613. Calculate v(31).
-337
Let o(f) = -298*f - 1880. Give o(-12).
1696
Let a(l) = 10*l**3 - 4778*l**2 - 946*l - 4784. Give a(478).
-4
Let n(f) = -f**2 - 30*f - 294. Calculate n(-8).
-118
Let o(c) = -80983*c + 485885. Give o(6).
-13
Let k(q) = -q**2 + 99*q + 55690. What is k(289)?
780
Let z(j) = -544*j**2 + 170813*j + 928. What is z(314)?
-14
Let y(j) = 4116*j**2 - 481581*j + 1060. Calculate y(117).
7
Let q(r) = 7287*r - 65450. What is q(9)?
133
Let w(y) = -4*y**3 - 405*y**2 - 522*y - 2196. Calculate w(-100).
4
Let l(i) = -94*i**2 - 154*i + 307. Determine l(2).
-377
Let a(i) = i**2 - 193*i + 9280. What is a(70)?
670
Let i(u) = 7*u**2 - 60*u + 596. Calculate i(14).
1128
Let v(l) = 2*l**3 + 578*l**2 + 13676*l + 3. Calculate v(-263).
3
Let s(q) = -12207*q + 109908. Calculate s(9).
45
Let q(t) = -514*t - 88983. What is q(-173)?
-61
Let m(p) = -p**3 - p**2 + 24*p + 262. What is m(0)?
262
Let u(h) = h**3 + 251*h**2 - 5132*h + 29. Give u(19).
-9
Let i(u) = -14976*u + 4597621. Calculate i(307).
-11
Let o(c) = -105157*c - 9043508. Give o(-86).
-6
Let d(t) = 2*t**2 - 4792*t - 845152. What is d(-165)?
-22
Let h(l) = -126*l**2 + 1397*l - 1394. Give h(1).
-123
Let o(j) = 287*j - 3284. Give o(9).
-701
Let q(g) = 36420*g + 582750. What is q(-16)?
30
Let h(g) = -g**2 + 99*g + 5859. Determine h(141).
-63
Let k(t) = 1559*t + 4584. Give k(-3).
-93
Let u(w) = -w**3 - 29*w**2 + 898*w + 8. Determine u(18).
944
Let z(k) = k**3 - 18*k**2 - 24*k + 292. What is z(13)?
-865
Let r(h) = h**2 - 452*h - 7099. What is r(-15)?
-94
Let l(w) = -55*w**2 + 412*w - 144. Calculate l(7).
45
Let b(l) = -143*l**2 - 7363*l - 3601. Calculate b(-51).
-31
Let h(q) = 60*q**2 - 4748*q + 671. Determine h(79).
39
Let u(t) = -52*t**2 - 106*t - 516. Give u(-4).
-924
Let n(k) = -2204*k - 26457. Determine n(-12).
-9
Let m(z) = -z**3 + 54*z**2 - 111*z + 9315. Give m(55).
185
Let w(q) = 728*q + 211343. What is w(-290)?
223
Let o(x) = -4957*x + 42. Calculate o(0).
42
Let b(u) = -25*u**2 + 9*u + 52. Give b(-6).
-902
Let u(g) = 3037*g - 72932. Calculate u(24).
-44
Let i(x) = x**3 + 394*x**2 + 267*x + 419376. Give i(-396).
12
Let o(h) = 859151*h + 2. Give o(0).
2
Let h(x) = -x**3 - 11*x**2 - 581*x - 8698. Give h(-14).
24
Let g(x) = 55*x**2 - 3347*x + 17716. Determine g(55).
6
Let u(h) = -20*h**2 + 15495*h - 11605. Give u(774).
5
Let o(u) = -48*u**2 + 1939*u - 4322. Calculate o(38).
48
Let c(w) = -w**3 - 5*w**2 + 548*w + 3259. What is c(-6)?
7
Let y(v) = -3*v**3 + 115*v**2 - 48*v + 402. Determine y(38).
22
Let u(g) = -g**3 - 9*g**2 + 344*g + 2301. What is u(-20)?
-179
Let k(p) = p**3 + 148*p**2 - 4526*p - 435. Determine k(-174).
-87
Let s(v) = -v**3 + 484*v**2 + 103039*v - 199. Determine s(-160).
-39
Let h(a) = -319045*a + 11166574. Calculate h(35).
-1
Let c(s) = -101*s**3 + 538*s**2 - 162*s - 7. Give c(5).
8
Let x(p) = 27*p**3 + 11*p**2 + 238*p + 1283. Determine x(-6).
-5581
Let x(g) = 8253*g - 330115. Give x(40).
5
Let p(a) = -3*a**2 + 671*a - 9950. Determine p(16).
18
Let a(d) = -10*d**3 + 156*d**2 + 63*d + 43. Determine a(16).
27
Let b(o) = 13*o**2 - 183*o + 459. Give b(3).
27
Let u(t) = -2800*t**2 + 22380*t + 5. Give u(8).
-155
Let n(s) = -66*s + 2496. What is n(38)?
-12
Let h(u) = 2*u**2 - 114*u + 8